{"id":292,"date":"2021-05-11T17:44:59","date_gmt":"2021-05-11T20:44:59","guid":{"rendered":"https:\/\/educacao.niteroi.rj.gov.br\/?page_id=292"},"modified":"2025-10-24T16:51:58","modified_gmt":"2025-10-24T19:51:58","slug":"conselho-do-fundeb","status":"publish","type":"page","link":"https:\/\/www.educacao.niteroi.rj.gov.br\/?page_id=292","title":{"rendered":"Conselho do FUNDEB"},"content":{"rendered":"<p>[et_pb_section fb_built=&#8221;1&#8243; fullwidth=&#8221;on&#8221; _builder_version=&#8221;4.8.0&#8243; _module_preset=&#8221;default&#8221;][et_pb_fullwidth_header title=&#8221;Conselhos&#8221; subhead=&#8221;@ET-DC@eyJkeW5hbWljIjp0cnVlLCJjb250ZW50IjoicG9zdF90aXRsZSIsInNldHRpbmdzIjp7ImJlZm9yZSI6IiIsImFmdGVyIjoiIn19@&#8221; text_orientation=&#8221;center&#8221; _builder_version=&#8221;4.8.0&#8243; _dynamic_attributes=&#8221;subhead&#8221; _module_preset=&#8221;default&#8221; title_font=&#8221;|600||on|||||&#8221; title_text_color=&#8221;#3a3a3a&#8221; title_font_size=&#8221;18px&#8221; subhead_font=&#8221;Montserrat|700|||||||&#8221; subhead_text_color=&#8221;#262626&#8243; subhead_font_size=&#8221;30px&#8221; background_color=&#8221;#e8e8e8&#8243; background_layout=&#8221;light&#8221;][\/et_pb_fullwidth_header][\/et_pb_section][et_pb_section fb_built=&#8221;1&#8243; _builder_version=&#8221;4.8.0&#8243; _module_preset=&#8221;default&#8221;][et_pb_row column_structure=&#8221;1_5,3_5,1_5&#8243; _builder_version=&#8221;4.9.6&#8243; _module_preset=&#8221;default&#8221; custom_padding=&#8221;0px||||false|false&#8221;][et_pb_column type=&#8221;1_5&#8243; _builder_version=&#8221;4.8.0&#8243; _module_preset=&#8221;default&#8221;][et_pb_text _builder_version=&#8221;4.9.6&#8243; _module_preset=&#8221;default&#8221;]<\/p>\n<p><strong>ATIVIDADES:<\/strong><\/p>\n<p><a href=\"https:\/\/www.educacao.niteroi.rj.gov.br\/wp-content\/uploads\/2025\/04\/portal-25.docx\">Calend\u00e1rios de Reuni\u00f5es Ordin\u00e1rias 2025<\/a><\/p>\n<p><a href=\"https:\/\/www.educacao.niteroi.rj.gov.br\/wp-content\/uploads\/2022\/03\/Agenda-de-Atividades.pdf\" rel=\"attachment wp-att-43683\">Cronograma de Reuni\u00f5es 2024<\/a><\/p>\n<p><a href=\"https:\/\/www.educacao.niteroi.rj.gov.br\/wp-content\/uploads\/2025\/04\/visitas-portal-25.docx\">Cronograma de Visitas em unidades 2025<\/a><\/p>\n<p>&nbsp;<\/p>\n<p>[\/et_pb_text][et_pb_text _builder_version=&#8221;4.9.6&#8243; _module_preset=&#8221;default&#8221;]<\/p>\n<p><a href=\"https:\/\/www.educacao.niteroi.rj.gov.br\/wp-content\/uploads\/2022\/03\/CRONOGRAMA-DE-VISITA-EM-UNIDADES-DE-EDUCACAO-2024.pdf\" rel=\"attachment wp-att-44600\">CRONOGRAMA DE VISITA EM UNIDADES DE EDUCA\u00c7\u00c3O &#8211; 2024<\/a><\/p>\n<p>[\/et_pb_text][et_pb_text _builder_version=&#8221;4.9.6&#8243; _module_preset=&#8221;default&#8221; hover_enabled=&#8221;0&#8243; sticky_enabled=&#8221;0&#8243;]<\/p>\n<p><strong>ATAS DE REUNI\u00d5ES:<\/strong><\/p>\n<p><a href=\"https:\/\/www.educacao.niteroi.rj.gov.br\/wp-content\/uploads\/2022\/03\/Reunioes-2023.pdf\" rel=\"attachment wp-att-44224\">Reuni\u00f5es 2023<\/a><\/p>\n<p><a href=\"https:\/\/www.educacao.niteroi.rj.gov.br\/wp-content\/uploads\/2022\/03\/Reunioes-2024-1.pdf\" rel=\"attachment wp-att-44388\">Reuni\u00f5es 2024<\/a><\/p>\n<p><a href=\"https:\/\/www.educacao.niteroi.rj.gov.br\/wp-content\/uploads\/2022\/03\/Ata-de-reuniao-2024.pdf\" rel=\"attachment wp-att-44636\">Ata de reuni\u00e3o<\/a><\/p>\n<p><a href=\"https:\/\/www.educacao.niteroi.rj.gov.br\/wp-content\/uploads\/2022\/03\/Atas-Fundeb.pdf\" rel=\"attachment wp-att-44995\">Ata de reuni\u00e3o &#8211; Out e Nov<\/a><\/p>\n<p><a href=\"https:\/\/www.educacao.niteroi.rj.gov.br\/wp-content\/uploads\/2025\/04\/Ata.pdf\">Ata da reuni\u00e3o 19\/02\/2025<\/a><\/p>\n<p><a href=\"https:\/\/www.educacao.niteroi.rj.gov.br\/wp-content\/uploads\/2025\/05\/Ata-da-Reuniao-de-28.04.2025.pdf\">Ata da reuni\u00e3o 28\/04\/2025<\/a><\/p>\n<p><a href=\"https:\/\/www.educacao.niteroi.rj.gov.br\/wp-content\/uploads\/2025\/08\/CamScanner-22-08-2025-15.15.pdf\">Ata da reuni\u00e3o 18\/08\/2025<\/a><\/p>\n<p><a href=\"https:\/\/drive.google.com\/file\/d\/18wU6e_IyyVbyGwlEcljLXY3ReHoC11JG\/view?usp=sharing\"><span data-olk-copy-source=\"MessageBody\">Ata da reuni\u00e3o 26\/08\/2025<\/span><\/a><\/p>\n<p>[\/et_pb_text][\/et_pb_column][et_pb_column type=&#8221;3_5&#8243; _builder_version=&#8221;4.8.0&#8243; _module_preset=&#8221;default&#8221;][et_pb_text _builder_version=&#8221;4.9.6&#8243; _module_preset=&#8221;default&#8221;]<\/p>\n<p>Representantes Membros do Conselho do Fundo de Manuten\u00e7\u00e3o e Desenvolvimento da Educa\u00e7\u00e3o B\u00e1sica e de Valoriza\u00e7\u00e3o dos Profissionais da Educa\u00e7\u00e3o &#8211; CACS-FUNDEB<br \/>DECRETO N\u00ba 14.699\/2023 e DECRETO N\u00ba 15132\/2023<\/p>\n<p>Per\u00edodo 2024-2026<\/p>\n<p><strong>Representante do Poder Executivo Municipal &#8211; Secretaria Municipal de Educa\u00e7\u00e3o<\/strong><\/p>\n<p>Titular: Diogo Tavares Robaina<br \/>Suplente: Palmira Silva<\/p>\n<p><strong>Representante do Poder Executivo Municipal &#8211; Funda\u00e7\u00e3o Municipal de Educa\u00e7\u00e3o<\/strong><\/p>\n<p>Titular: Lorena Neves Pestana Ribeiro<br \/>Suplente: Cheila Lilian Pacetti de Almeida e Silva<\/p>\n<p><strong>Representante dos estudantes da Educa\u00e7\u00e3o B\u00e1sica P\u00fablica, indicado pela entidade de estudantes da Educa\u00e7\u00e3o de Jovens e Adultos<\/strong><\/p>\n<p>Titutar: Roberto Carlos da Silva<br \/>Suplente: F\u00e1bio Francisco Santos<\/p>\n<p><strong>Representantes dos professores da Educa\u00e7\u00e3o B\u00e1sica P\u00fablica<\/strong><\/p>\n<p>Titular: Diogo Henrique Araujo de Oliveira<br \/>Suplente: Michelle Alvarenga Ferreira<\/p>\n<p><strong>Representantes dos Servidores T\u00e9cnicos &#8211; Administrativos das Escolas B\u00e1sicas P\u00fablicas\u00a0<\/strong><\/p>\n<p>Titular: \u00c9lida Cristina Machado Vianna<br \/>Suplente: Patr\u00edcia Souza de Abreu Domingues de Souza<\/p>\n<p><strong>Representantes do Conselho Tutelar<\/strong><\/p>\n<p>Titular: Paulo Roberto Gonzalez Ferre Nascimento<br \/>Suplente: Joel Marcelo de Lima Lopes<\/p>\n<p><strong>Representantes dos Diretores das Escolas B\u00e1sicas P\u00fablicas<\/strong><\/p>\n<p>Titular: Claudia Cristina Mendes Peixoto<\/p>\n<p><strong>Representante do Conselho Municipal de Educa\u00e7\u00e3o &#8211; CMEN<\/strong><\/p>\n<p>Titular: Sergio Miguel Turcatto<br \/>Suplente: Fabr\u00edcio Baptista de Martino<\/p>\n<p><strong>Representantes de pais de alunos da Educa\u00e7\u00e3o B\u00e1sica P\u00fablica<\/strong><\/p>\n<p>Titular: Maria de F\u00e1tima Sousa Melo<br \/>Suplente: Claudia Pinto Novaes Medeiros<\/p>\n<p>Titular: Bruno Mattos da Silva<br \/>Suplente: Daiane Maria da Silva<\/p>\n<p><strong>Representantes de estudantes da Educa\u00e7\u00e3o B\u00e1sica indicados pela Entidade de Estudantes Secundaristas<\/strong><\/p>\n<p>Titular: Haylla Cassimiro de Oliveira<br \/>Suplente: Ana Carla Pereira de Souza<\/p>\n<p>&nbsp;<\/p>\n<p>[\/et_pb_text][\/et_pb_column][et_pb_column type=&#8221;1_5&#8243; _builder_version=&#8221;4.8.0&#8243; _module_preset=&#8221;default&#8221;][\/et_pb_column][\/et_pb_row][\/et_pb_section]<\/p>\n","protected":false},"excerpt":{"rendered":"<p>[et_pb_section fb_built=&#8221;1&#8243; fullwidth=&#8221;on&#8221; _builder_version=&#8221;4.8.0&#8243; _module_preset=&#8221;default&#8221;][et_pb_fullwidth_header title=&#8221;Conselhos&#8221; subhead=&#8221;@ET-DC@eyJkeW5hbWljIjp0cnVlLCJjb250ZW50IjoicG9zdF90aXRsZSIsInNldHRpbmdzIjp7ImJlZm9yZSI6IiIsImFmdGVyIjoiIn19@&#8221; text_orientation=&#8221;center&#8221; _builder_version=&#8221;4.8.0&#8243; _dynamic_attributes=&#8221;subhead&#8221; _module_preset=&#8221;default&#8221; title_font=&#8221;|600||on|||||&#8221; title_text_color=&#8221;#3a3a3a&#8221; title_font_size=&#8221;18px&#8221; subhead_font=&#8221;Montserrat|700|||||||&#8221; subhead_text_color=&#8221;#262626&#8243; subhead_font_size=&#8221;30px&#8221; background_color=&#8221;#e8e8e8&#8243; background_layout=&#8221;light&#8221;][\/et_pb_fullwidth_header][\/et_pb_section][et_pb_section fb_built=&#8221;1&#8243; _builder_version=&#8221;4.8.0&#8243; _module_preset=&#8221;default&#8221;][et_pb_row column_structure=&#8221;1_5,3_5,1_5&#8243; _builder_version=&#8221;4.9.6&#8243; _module_preset=&#8221;default&#8221; custom_padding=&#8221;0px||||false|false&#8221;][et_pb_column type=&#8221;1_5&#8243; _builder_version=&#8221;4.8.0&#8243; _module_preset=&#8221;default&#8221;][et_pb_text _builder_version=&#8221;4.9.6&#8243; _module_preset=&#8221;default&#8221;] ATIVIDADES: Calend\u00e1rios de Reuni\u00f5es Ordin\u00e1rias 2025 Cronograma de Reuni\u00f5es 2024 Cronograma de Visitas em unidades 2025 &nbsp; [\/et_pb_text][et_pb_text _builder_version=&#8221;4.9.6&#8243; _module_preset=&#8221;default&#8221;] CRONOGRAMA DE VISITA EM [&hellip;]<\/p>\n","protected":false},"author":7,"featured_media":0,"parent":0,"menu_order":0,"comment_status":"closed","ping_status":"closed","template":"","meta":{"_et_pb_use_builder":"on","_et_pb_old_content":"","_et_gb_content_width":"","footnotes":""},"class_list":["post-292","page","type-page","status-publish","hentry"],"_links":{"self":[{"href":"https:\/\/www.educacao.niteroi.rj.gov.br\/index.php?rest_route=\/wp\/v2\/pages\/292","targetHints":{"allow":["GET"]}}],"collection":[{"href":"https:\/\/www.educacao.niteroi.rj.gov.br\/index.php?rest_route=\/wp\/v2\/pages"}],"about":[{"href":"https:\/\/www.educacao.niteroi.rj.gov.br\/index.php?rest_route=\/wp\/v2\/types\/page"}],"author":[{"embeddable":true,"href":"https:\/\/www.educacao.niteroi.rj.gov.br\/index.php?rest_route=\/wp\/v2\/users\/7"}],"replies":[{"embeddable":true,"href":"https:\/\/www.educacao.niteroi.rj.gov.br\/index.php?rest_route=%2Fwp%2Fv2%2Fcomments&post=292"}],"version-history":[{"count":38,"href":"https:\/\/www.educacao.niteroi.rj.gov.br\/index.php?rest_route=\/wp\/v2\/pages\/292\/revisions"}],"predecessor-version":[{"id":47158,"href":"https:\/\/www.educacao.niteroi.rj.gov.br\/index.php?rest_route=\/wp\/v2\/pages\/292\/revisions\/47158"}],"wp:attachment":[{"href":"https:\/\/www.educacao.niteroi.rj.gov.br\/index.php?rest_route=%2Fwp%2Fv2%2Fmedia&parent=292"}],"curies":[{"name":"wp","href":"https:\/\/api.w.org\/{rel}","templated":true}]}}

<p>[et_pb_section fb_built=&#8221;1&#8243; fullwidth=&#8221;on&#8221; _builder_version=&#8221;4.8.0&#8243; _module_preset=&#8221;default&#8221;][et_pb_fullwidth_header title=&#8221;Conselhos&#8221; subhead=&#8221;@ET-DC@eyJkeW5hbWljIjp0cnVlLCJjb250ZW50IjoicG9zdF90aXRsZSIsInNldHRpbmdzIjp7ImJlZm9yZSI6IiIsImFmdGVyIjoiIn19@&#8221; text_orientation=&#8221;center&#8221; _builder_version=&#8221;4.8.0&#8243; _dynamic_attributes=&#8221;subhead&#8221; _module_preset=&#8221;default&#8221; title_font=&#8221;|600||on|||||&#8221; title_text_color=&#8221;#3a3a3a&#8221; title_font_size=&#8221;18px&#8221; subhead_font=&#8221;Montserrat|700|||||||&#8221; subhead_text_color=&#8221;#262626&#8243; subhead_font_size=&#8221;30px&#8221; background_color=&#8221;#e8e8e8&#8243; background_layout=&#8221;light&#8221;][/et_pb_fullwidth_header][/et_pb_section][et_pb_section fb_built=&#8221;1&#8243; _builder_version=&#8221;4.8.0&#8243; _module_preset=&#8221;default&#8221;][et_pb_row column_structure=&#8221;1_5,3_5,1_5&#8243; _builder_version=&#8221;4.9.6&#8243; _module_preset=&#8221;default&#8221; custom_padding=&#8221;0px||||false|false&#8221;][et_pb_column type=&#8221;1_5&#8243; _builder_version=&#8221;4.8.0&#8243; _module_preset=&#8221;default&#8221;][et_pb_text _builder_version=&#8221;4.9.6&#8243; _module_preset=&#8221;default&#8221;]</p>
<p><strong>ATIVIDADES:</strong></p>
<p><a href="https://www.educacao.niteroi.rj.gov.br/wp-content/uploads/2025/04/portal-25.docx">Calendários de Reuniões Ordinárias 2025</a></p>
<p><a href="https://www.educacao.niteroi.rj.gov.br/wp-content/uploads/2022/03/Agenda-de-Atividades.pdf" rel="attachment wp-att-43683">Cronograma de Reuniões 2024</a></p>
<p><a href="https://www.educacao.niteroi.rj.gov.br/wp-content/uploads/2025/04/visitas-portal-25.docx">Cronograma de Visitas em unidades 2025</a></p>
<p>&nbsp;</p>
<p>[/et_pb_text][et_pb_text _builder_version=&#8221;4.9.6&#8243; _module_preset=&#8221;default&#8221;]</p>
<p><a href="https://www.educacao.niteroi.rj.gov.br/wp-content/uploads/2022/03/CRONOGRAMA-DE-VISITA-EM-UNIDADES-DE-EDUCACAO-2024.pdf" rel="attachment wp-att-44600">CRONOGRAMA DE VISITA EM UNIDADES DE EDUCAÇÃO &#8211; 2024</a></p>
<p>[/et_pb_text][et_pb_text _builder_version=&#8221;4.9.6&#8243; _module_preset=&#8221;default&#8221; hover_enabled=&#8221;0&#8243; sticky_enabled=&#8221;0&#8243;]</p>
<p><strong>ATAS DE REUNIÕES:</strong></p>
<p><a href="https://www.educacao.niteroi.rj.gov.br/wp-content/uploads/2022/03/Reunioes-2023.pdf" rel="attachment wp-att-44224">Reuniões 2023</a></p>
<p><a href="https://www.educacao.niteroi.rj.gov.br/wp-content/uploads/2022/03/Reunioes-2024-1.pdf" rel="attachment wp-att-44388">Reuniões 2024</a></p>
<p><a href="https://www.educacao.niteroi.rj.gov.br/wp-content/uploads/2022/03/Ata-de-reuniao-2024.pdf" rel="attachment wp-att-44636">Ata de reunião</a></p>
<p><a href="https://www.educacao.niteroi.rj.gov.br/wp-content/uploads/2022/03/Atas-Fundeb.pdf" rel="attachment wp-att-44995">Ata de reunião &#8211; Out e Nov</a></p>
<p><a href="https://www.educacao.niteroi.rj.gov.br/wp-content/uploads/2025/04/Ata.pdf">Ata da reunião 19/02/2025</a></p>
<p><a href="https://www.educacao.niteroi.rj.gov.br/wp-content/uploads/2025/05/Ata-da-Reuniao-de-28.04.2025.pdf">Ata da reunião 28/04/2025</a></p>
<p><a href="https://www.educacao.niteroi.rj.gov.br/wp-content/uploads/2025/08/CamScanner-22-08-2025-15.15.pdf">Ata da reunião 18/08/2025</a></p>
<p><a href="https://drive.google.com/file/d/18wU6e_IyyVbyGwlEcljLXY3ReHoC11JG/view?usp=sharing"><span data-olk-copy-source="MessageBody">Ata da reunião 26/08/2025</span></a></p>
<p>[/et_pb_text][/et_pb_column][et_pb_column type=&#8221;3_5&#8243; _builder_version=&#8221;4.8.0&#8243; _module_preset=&#8221;default&#8221;][et_pb_text _builder_version=&#8221;4.9.6&#8243; _module_preset=&#8221;default&#8221;]</p>
<p>Representantes Membros do Conselho do Fundo de Manutenção e Desenvolvimento da Educação Básica e de Valorização dos Profissionais da Educação &#8211; CACS-FUNDEB<br />DECRETO Nº 14.699/2023 e DECRETO Nº 15132/2023</p>
<p>Período 2024-2026</p>
<p><strong>Representante do Poder Executivo Municipal &#8211; Secretaria Municipal de Educação</strong></p>
<p>Titular: Diogo Tavares Robaina<br />Suplente: Palmira Silva</p>
<p><strong>Representante do Poder Executivo Municipal &#8211; Fundação Municipal de Educação</strong></p>
<p>Titular: Lorena Neves Pestana Ribeiro<br />Suplente: Cheila Lilian Pacetti de Almeida e Silva</p>
<p><strong>Representante dos estudantes da Educação Básica Pública, indicado pela entidade de estudantes da Educação de Jovens e Adultos</strong></p>
<p>Titutar: Roberto Carlos da Silva<br />Suplente: Fábio Francisco Santos</p>
<p><strong>Representantes dos professores da Educação Básica Pública</strong></p>
<p>Titular: Diogo Henrique Araujo de Oliveira<br />Suplente: Michelle Alvarenga Ferreira</p>
<p><strong>Representantes dos Servidores Técnicos &#8211; Administrativos das Escolas Básicas Públicas </strong></p>
<p>Titular: Élida Cristina Machado Vianna<br />Suplente: Patrícia Souza de Abreu Domingues de Souza</p>
<p><strong>Representantes do Conselho Tutelar</strong></p>
<p>Titular: Paulo Roberto Gonzalez Ferre Nascimento<br />Suplente: Joel Marcelo de Lima Lopes</p>
<p><strong>Representantes dos Diretores das Escolas Básicas Públicas</strong></p>
<p>Titular: Claudia Cristina Mendes Peixoto</p>
<p><strong>Representante do Conselho Municipal de Educação &#8211; CMEN</strong></p>
<p>Titular: Sergio Miguel Turcatto<br />Suplente: Fabrício Baptista de Martino</p>
<p><strong>Representantes de pais de alunos da Educação Básica Pública</strong></p>
<p>Titular: Maria de Fátima Sousa Melo<br />Suplente: Claudia Pinto Novaes Medeiros</p>
<p>Titular: Bruno Mattos da Silva<br />Suplente: Daiane Maria da Silva</p>
<p><strong>Representantes de estudantes da Educação Básica indicados pela Entidade de Estudantes Secundaristas</strong></p>
<p>Titular: Haylla Cassimiro de Oliveira<br />Suplente: Ana Carla Pereira de Souza</p>
<p>&nbsp;</p>
<p>[/et_pb_text][/et_pb_column][et_pb_column type=&#8221;1_5&#8243; _builder_version=&#8221;4.8.0&#8243; _module_preset=&#8221;default&#8221;][/et_pb_column][/et_pb_row][/et_pb_section]</p>

<p>[et_pb_section fb_built=&#8221;1&#8243; fullwidth=&#8221;on&#8221; _builder_version=&#8221;4.8.0&#8243; _module_preset=&#8221;default&#8221;][et_pb_fullwidth_header title=&#8221;Conselhos&#8221; subhead=&#8221;@ET-DC@eyJkeW5hbWljIjp0cnVlLCJjb250ZW50IjoicG9zdF90aXRsZSIsInNldHRpbmdzIjp7ImJlZm9yZSI6IiIsImFmdGVyIjoiIn19@&#8221; text_orientation=&#8221;center&#8221; _builder_version=&#8221;4.8.0&#8243; _dynamic_attributes=&#8221;subhead&#8221; _module_preset=&#8221;default&#8221; title_font=&#8221;|600||on|||||&#8221; title_text_color=&#8221;#3a3a3a&#8221; title_font_size=&#8221;18px&#8221; subhead_font=&#8221;Montserrat|700|||||||&#8221; subhead_text_color=&#8221;#262626&#8243; subhead_font_size=&#8221;30px&#8221; background_color=&#8221;#e8e8e8&#8243; background_layout=&#8221;light&#8221;][/et_pb_fullwidth_header][/et_pb_section][et_pb_section fb_built=&#8221;1&#8243; _builder_version=&#8221;4.8.0&#8243; _module_preset=&#8221;default&#8221;][et_pb_row column_structure=&#8221;1_5,3_5,1_5&#8243; _builder_version=&#8221;4.9.6&#8243; _module_preset=&#8221;default&#8221; custom_padding=&#8221;0px||||false|false&#8221;][et_pb_column type=&#8221;1_5&#8243; _builder_version=&#8221;4.8.0&#8243; _module_preset=&#8221;default&#8221;][et_pb_text _builder_version=&#8221;4.9.6&#8243; _module_preset=&#8221;default&#8221;] ATIVIDADES: Calendários de Reuniões Ordinárias 2025 Cronograma de Reuniões 2024 Cronograma de Visitas em unidades 2025 &nbsp; [/et_pb_text][et_pb_text _builder_version=&#8221;4.9.6&#8243; _module_preset=&#8221;default&#8221;] CRONOGRAMA DE VISITA EM [&hellip;]</p>
