{"id":32073,"date":"2021-05-13T18:07:57","date_gmt":"2021-05-13T21:07:57","guid":{"rendered":"https:\/\/educacao.niteroi.rj.gov.br\/?page_id=32073"},"modified":"2025-02-18T16:16:36","modified_gmt":"2025-02-18T19:16:36","slug":"creches-comunitarias","status":"publish","type":"page","link":"https:\/\/www.educacao.niteroi.rj.gov.br\/?page_id=32073","title":{"rendered":"Creches Comunit\u00e1rias"},"content":{"rendered":"<p>[et_pb_section fb_built=&#8221;1&#8243; fullwidth=&#8221;on&#8221; _builder_version=&#8221;4.8.0&#8243; _module_preset=&#8221;default&#8221;][et_pb_fullwidth_header title=&#8221;Unidades Escolares&#8221; subhead=&#8221;@ET-DC@eyJkeW5hbWljIjp0cnVlLCJjb250ZW50IjoicG9zdF90aXRsZSIsInNldHRpbmdzIjp7ImJlZm9yZSI6IiIsImFmdGVyIjoiIn19@&#8221; text_orientation=&#8221;center&#8221; _builder_version=&#8221;4.8.0&#8243; _dynamic_attributes=&#8221;subhead&#8221; _module_preset=&#8221;default&#8221; title_font=&#8221;|600||on|||||&#8221; title_text_color=&#8221;#3a3a3a&#8221; title_font_size=&#8221;18px&#8221; subhead_font=&#8221;Montserrat|700|||||||&#8221; subhead_text_color=&#8221;#262626&#8243; subhead_font_size=&#8221;30px&#8221; background_color=&#8221;#e8e8e8&#8243; background_layout=&#8221;light&#8221;][\/et_pb_fullwidth_header][\/et_pb_section][et_pb_section fb_built=&#8221;1&#8243; _builder_version=&#8221;4.8.0&#8243; _module_preset=&#8221;default&#8221;][et_pb_row column_structure=&#8221;1_5,3_5,1_5&#8243; _builder_version=&#8221;4.8.0&#8243; _module_preset=&#8221;default&#8221; custom_padding=&#8221;0px||||false|false&#8221;][et_pb_column type=&#8221;1_5&#8243; _builder_version=&#8221;4.8.0&#8243; _module_preset=&#8221;default&#8221;][\/et_pb_column][et_pb_column type=&#8221;3_5&#8243; _builder_version=&#8221;4.8.0&#8243; _module_preset=&#8221;default&#8221;][et_pb_text _builder_version=&#8221;4.8.0&#8243; _module_preset=&#8221;default&#8221; custom_padding=&#8221;||705px|||&#8221;]<\/p>\n<p><strong>\u00a0<\/strong><\/p>\n<h3><strong>CRECHES COMUNIT\u00c1RIAS<\/strong><\/h3>\n<h3><strong>\u00a0<\/strong><\/h3>\n<p><strong>Unidade Escolar: C.C. Alarico de Souza<\/strong> (Integral)<br \/><strong>Modalidade: <\/strong>Educa\u00e7\u00e3o Infantil (GREIs 2 a 5)<br \/>Endere\u00e7o: Estr. Alarico de Souza, 555- Santa Rosa<br \/>Telefone: 2198932-9733<br \/>Diretora: Renata Rosa dos Santos Souza <br \/>E-mail: ccalaricodesouza@educacao.niteroi.rj.gov.br<\/p>\n<h3>\u00a0<\/h3>\n<h3><\/h3>\n<p><strong>Unidade Escolar: C.C. Amigos do Jacar\u00e9 <\/strong>(Integral)<br \/><strong>Modalidade: <\/strong>Educa\u00e7\u00e3o Infantil (GREIs 2 a 5)<br \/>Endere\u00e7o: Estr. Frei Orlando, 499 \u2013 Jacar\u00e9<br \/>Telefone: 2198308-1435<br \/>Diretora: F\u00e1tima Eliane Pereira<br \/>E-mail: <span style=\"color: #777777;\"><a href=\"mailto:ccamigosdojacare@educacao.niteroi.rj.gov.br\" style=\"color: #777777;\">ccamigosdojacare@educacao.niteroi.rj.gov.br<\/a><\/span><\/p>\n<p>&nbsp;<\/p>\n<p><strong>Unidade Escolar: C.C. An\u00e1lia Franco<\/strong> (Integral)<br \/><strong>Modalidade: <\/strong>Educa\u00e7\u00e3o Infantil (GREIs 0 a 5)<br \/>Endere\u00e7o: Rua Martins Torres, 479 \u2013 Santa Rosa<br \/>Telefone: 2197100-9386<br \/>Diretora: Elizabeth Morais Vianna<br \/>E-mail: ccanaliafranco@educacao.niteroi.rj.gov.br\u00a0\u00a0\u00a0<\/p>\n<p>&nbsp;<\/p>\n<p><strong>Unidade Escolar: C.C. Bet\u00e2nia <\/strong>(Integral)<br \/><strong>Modalidade: <\/strong>Educa\u00e7\u00e3o Infantil (GREIs 2 a 5)<br \/>Endere\u00e7o: Avenida Rui Barbosa, 671\/679 \u2013 S.Francisco<br \/>Telefone: 2198728-8006<br \/>Diretora: Caroline<br \/>E-mail: <span style=\"color: #666666;\"><a href=\"mailto:ccbetania@educacao.niteroi.rj.gov.br\" style=\"color: #666666;\">ccbetania@educacao.niteroi.rj.gov.br<\/a><\/span><\/p>\n<p>&nbsp;<\/p>\n<p><strong>Unidade Escolar: C.C. Cidade dos Menores<\/strong> (Integral)<br \/><strong>Modalidade: <\/strong>Educa\u00e7\u00e3o Infantil (GREIs 2 a 5)<br \/>Endere\u00e7o: R. Nossa Sr\u00aa das Gra\u00e7as, 474 \u2013 Santa Rosa<br \/>Telefone: 2199631-7931<br \/>Diretora: Mar\u00edlia Aparecida Alves Ramalho<br \/>E-mail: <span style=\"color: #666666;\"><a href=\"mailto:cccidadedosmenores@educacao.niteroi.rj.gov.br\" style=\"color: #666666;\">cccidadedosmenores@educacao.niteroi.rj.gov.br<\/a><\/span><\/p>\n<p>&nbsp;<\/p>\n<p><strong>Unidade Escolar: C.C. Dom Orione <\/strong>(Integral)<br \/><strong>Modalidade: <\/strong>Educa\u00e7\u00e3o Infantil (GREIs 2 a 5)<br \/>Endere\u00e7o: Av. Quintino Bocaiuva, s\/n\u00ba \u2013 S\u00e3o Francisco<br \/>Telefone: 2199887-0854<br \/>Diretora: Maria das Gra\u00e7as Oliveira<br \/>E-mail: ccdomorione@educacao.niteroi.rj.gov.br<\/p>\n<p>&nbsp;<\/p>\n<p><strong>Unidade Escolar: C.C. Esperan\u00e7a em Cristo <\/strong>(Integral)<br \/><strong>Modalidade: <\/strong>Educa\u00e7\u00e3o Infantil (GREIs 2 a 5)<br \/>Endere\u00e7o: Av.Francisco da Cruz Nunes, 3003 \u2013 Itaipu<br \/>Telefone: 2196427-4478<br \/>Diretora: Alcineia<br \/>E-mail: ccesperancaemcristo@educacao.niteroi.rj.gov.br<\/p>\n<p>&nbsp;<\/p>\n<p><strong>Unidade Escolar: C.C. Eulina F\u00e9lix<\/strong> (Integral)<br \/><strong>Modalidade: <\/strong>Educa\u00e7\u00e3o Infantil (GREIs 2 a 5)<br \/>Endere\u00e7o: Trav.Jo\u00e3o Manoel da Silva, 229 A \u2013 Cantagalo<br \/>Telefone: 2199684-3247<br \/>Diretora: Fatima<br \/>E-mail: cceulinafelix@educacao.niteroi.rj.gov.br<\/p>\n<p><strong>\u00a0<\/strong><\/p>\n<p><strong>Unidade Escolar: C.C. Instituto Dr. March<\/strong> (Integral)<br \/><strong>Modalidade:<\/strong> Educa\u00e7\u00e3o Infantil (GREIs 2 a 5)<br \/>Endere\u00e7o: R. Desembargador Lima Castro, 235 \u2013 Fonseca<br \/>Telefone: 2197019-4460<br \/>Diretora: Andrea <br \/>E-mail: ccinstitutodr.march@educacao.niteroi.rj.gov.br<\/p>\n<p><strong>\u00a0<\/strong><\/p>\n<p><strong>Unidade Escolar: C.C. Irm\u00e3 Catarina<\/strong> (Integral)<br \/><strong>Modalidade: <\/strong>Educa\u00e7\u00e3o Infantil (GREIs 3 a 5)<br \/>Endere\u00e7o: Al. Jandira Froes, 1037 A \u2013 S\u00e3o Francisco<br \/>Telefone: 2198867-8175<br \/>Diretora: Silvana<br \/>E-mail: ccirmacatarina@educacao.niteroi.rj.gov.br<\/p>\n<p><strong>\u00a0<\/strong><\/p>\n<p><strong>Unidade Escolar: C.C. Jurujuba <\/strong>(Integral)<br \/><strong>Modalidade: <\/strong>Educa\u00e7\u00e3o Infantil (GREIs 2 a 5)<br \/>Endere\u00e7o: Av. Carlos Ermelindo Marins, 153 \u2013 Jurujuba<br \/>Telefone: 2198574-2296<br \/>Diretora: Jo\u00e9lcia Sant\u2019Anna de Ara\u00fajo<br \/>E-mail: ccjurujuba@educacao.niteroi.rj.gov.br<\/p>\n<p><strong>\u00a0<\/strong><\/p>\n<p><strong>Unidade Escolar: C.C. Kair\u00f3s <\/strong>(Integral)<br \/><strong>Modalidade: <\/strong>Educa\u00e7\u00e3o Infantil (GREIs 0 a 5)<br \/>Endere\u00e7o: Rua 3 lote 18\u00a0 quadra 59 \u2013\u00a0 Engenho do Mato \u2013 Itaipu<br \/>Telefone: 2199574-0623<br \/>Diretora: Jorgeane de Carvalho Lopes Souza<br \/>E-mail: ccescolakairos@educacao.niteroi.rj.gov.br<\/p>\n<p><strong>\u00a0<\/strong><\/p>\n<p><strong>Unidade Escolar: C.C. Madre Mary Marcelline <\/strong>(Integral)<br \/><strong>Modalidade: <\/strong>Educa\u00e7\u00e3o Infantil (GREIs 2 a 5)<br \/>Endere\u00e7o: R.Tenente Os\u00f3rio, 30 \u2013 Vila Ipiranga \u2013 Fonseca<br \/>Telefone: 2625-2517 <br \/>Diretora: Maria da Gl\u00f3ria Medeiros de Souza<br \/>E-mail: ccmadremarymarcelline@educacao.niteroi.rj.gov.br<\/p>\n<p><strong>\u00a0<\/strong><\/p>\n<p><strong>Unidade Escolar: C.C. Medalha Milagrosa <\/strong>(Integral)<br \/><strong>Modalidade: <\/strong>Educa\u00e7\u00e3o Infantil (GREIs 2 a 5)<br \/>Endere\u00e7o: Alameda Paris, n\u00ba 56 \u2013 Morro do Caval\u00e3o \u2013 Icara\u00ed<br \/>Telefone: 2198643-7630 <br \/>Diretora: Liliane Almeida Innoc\u00eancio<br \/>E-mail: ccmedalhamilagrosa@educacao.niteroi.rj.gov.br<\/p>\n<p><strong>\u00a0<\/strong><\/p>\n<p><strong>Unidade Escolar: C.C. Meimei <\/strong>(Integral)<br \/><strong>Modalidade: <\/strong>Educa\u00e7\u00e3o Infantil (GREIs 2 a 5)<br \/>Endere\u00e7o: Rua das Gar\u00e7as, Lt 3 Qd 166 \u2013 Piratininga<br \/>Telefone: 2197879-8481<br \/>Diretora: \u00c9rica Ribeiro Peixoto<br \/>E-mail: ccmeimei@educacao.niteroi.rj.gov.br<\/p>\n<p><strong>\u00a0<\/strong><\/p>\n<p><strong>Unidade Escolar: C.C. Minha Quer\u00eancia <\/strong>(Integral)<br \/><strong>Modalidade:<\/strong> Educa\u00e7\u00e3o Infantil (GREIs 0 a 5)<br \/>Endere\u00e7o: Rua Dem\u00f3crito da Cunha Silveira, L 14 Q 64 \u2013 Cafub\u00e1 <br \/>Telefone: 2199978-4246<br \/>Diretora: Ros\u00e2ngela da Silva Pereira Camilo<br \/>E-mail: ccminhaquerencia@educacao.niteroi.rj.gov.br<\/p>\n<p><strong>\u00a0<\/strong><\/p>\n<p><strong>Unidade Escolar: C.C. Nossa Senhora da Aparecida <\/strong>(Integral)<br \/><strong>Modalidade: <\/strong>Educa\u00e7\u00e3o Infantil (GREIs 2 a 5)<br \/>Endere\u00e7o: Rua Jo\u00e3o Jorge Nemmer, n\u00ba 03 \u2013 Ing\u00e1<br \/>Telefone: 2197173-9093<br \/>Diretora: Maria Moreira de Sousa Nunes<br \/>E-mail: ccnossasenhoraaparecida@educacao.niteroi.rj.gov.br<\/p>\n<p><strong>\u00a0<\/strong><\/p>\n<p><strong>Unidade Escolar: C.C. Prof. Geraldo Cavalcanti de Albuquerque <\/strong>(Integral)<br \/><strong>Modalidade: <\/strong>Educa\u00e7\u00e3o Infantil (GREIs 0 a 5)<br \/>Endere\u00e7o: R.Gal. Andrade Neves, 307 \u2013 S\u00e3o Domingos <br \/>Telefone: 2196427-6219<br \/>Diretora: Jessyca<br \/>E-mail: ccprofessorgeraldocavalcantidealbuquerque@educacao.niteroi.rj.gov.br<\/p>\n<p><strong>\u00a0<\/strong><\/p>\n<p><strong>Unidade Escolar: C.C. Prof\u00aa Cl\u00e9lia Rocha <\/strong>(Integral)<br \/><strong>Modalidade: <\/strong>Educa\u00e7\u00e3o Infantil (GREIs 2 a 5)<br \/>Endere\u00e7o: R. Jean V. Moulliac, 47 \u2013\u00a0 V\u00e1rzea das Mo\u00e7as<br \/>Telefone: 2197513-1006 <br \/>Diretora: Patr\u00edcia Silva de Carvalho<br \/>E-mail: ccprofessoracleliarocha@educacao.niteroi.rj.gov.br<\/p>\n<p>&nbsp;<\/p>\n<p>&nbsp;<\/p>\n<p>&nbsp;<\/p>\n<p><strong>Unidade Escolar: C.C. S\u00e3o Vicente de Paulo<\/strong> (Integral)<br \/><strong>Modalidade: <\/strong>Educa\u00e7\u00e3o Infantil (GREIs 3 a 5)<br \/>Endere\u00e7o: Rua Miguel Vieira Ferreira, 147 \u2013 Icara\u00ed <br \/>Telefone: 2199728-6931<br \/>Diretora: Neila Mendes<br \/>E-mail: ccsaovicentedepaulo@educacao.niteroi.rj.gov.br<\/p>\n<p>&nbsp;<\/p>\n<p>[\/et_pb_text][\/et_pb_column][et_pb_column type=&#8221;1_5&#8243; _builder_version=&#8221;4.8.0&#8243; _module_preset=&#8221;default&#8221;][\/et_pb_column][\/et_pb_row][\/et_pb_section]<\/p>\n","protected":false},"excerpt":{"rendered":"<p>[et_pb_section fb_built=&#8221;1&#8243; fullwidth=&#8221;on&#8221; _builder_version=&#8221;4.8.0&#8243; _module_preset=&#8221;default&#8221;][et_pb_fullwidth_header title=&#8221;Unidades Escolares&#8221; subhead=&#8221;@ET-DC@eyJkeW5hbWljIjp0cnVlLCJjb250ZW50IjoicG9zdF90aXRsZSIsInNldHRpbmdzIjp7ImJlZm9yZSI6IiIsImFmdGVyIjoiIn19@&#8221; text_orientation=&#8221;center&#8221; _builder_version=&#8221;4.8.0&#8243; _dynamic_attributes=&#8221;subhead&#8221; _module_preset=&#8221;default&#8221; title_font=&#8221;|600||on|||||&#8221; title_text_color=&#8221;#3a3a3a&#8221; title_font_size=&#8221;18px&#8221; subhead_font=&#8221;Montserrat|700|||||||&#8221; subhead_text_color=&#8221;#262626&#8243; subhead_font_size=&#8221;30px&#8221; background_color=&#8221;#e8e8e8&#8243; background_layout=&#8221;light&#8221;][\/et_pb_fullwidth_header][\/et_pb_section][et_pb_section fb_built=&#8221;1&#8243; _builder_version=&#8221;4.8.0&#8243; _module_preset=&#8221;default&#8221;][et_pb_row column_structure=&#8221;1_5,3_5,1_5&#8243; _builder_version=&#8221;4.8.0&#8243; _module_preset=&#8221;default&#8221; custom_padding=&#8221;0px||||false|false&#8221;][et_pb_column type=&#8221;1_5&#8243; _builder_version=&#8221;4.8.0&#8243; _module_preset=&#8221;default&#8221;][\/et_pb_column][et_pb_column type=&#8221;3_5&#8243; _builder_version=&#8221;4.8.0&#8243; _module_preset=&#8221;default&#8221;][et_pb_text _builder_version=&#8221;4.8.0&#8243; _module_preset=&#8221;default&#8221; custom_padding=&#8221;||705px|||&#8221;] \u00a0 CRECHES COMUNIT\u00c1RIAS \u00a0 Unidade Escolar: C.C. Alarico de Souza (Integral)Modalidade: Educa\u00e7\u00e3o Infantil (GREIs 2 a 5)Endere\u00e7o: Estr. Alarico [&hellip;]<\/p>\n","protected":false},"author":7,"featured_media":0,"parent":32055,"menu_order":0,"comment_status":"closed","ping_status":"closed","template":"","meta":{"_et_pb_use_builder":"on","_et_pb_old_content":"","_et_gb_content_width":"","footnotes":""},"class_list":["post-32073","page","type-page","status-publish","hentry"],"_links":{"self":[{"href":"https:\/\/www.educacao.niteroi.rj.gov.br\/index.php?rest_route=\/wp\/v2\/pages\/32073","targetHints":{"allow":["GET"]}}],"collection":[{"href":"https:\/\/www.educacao.niteroi.rj.gov.br\/index.php?rest_route=\/wp\/v2\/pages"}],"about":[{"href":"https:\/\/www.educacao.niteroi.rj.gov.br\/index.php?rest_route=\/wp\/v2\/types\/page"}],"author":[{"embeddable":true,"href":"https:\/\/www.educacao.niteroi.rj.gov.br\/index.php?rest_route=\/wp\/v2\/users\/7"}],"replies":[{"embeddable":true,"href":"https:\/\/www.educacao.niteroi.rj.gov.br\/index.php?rest_route=%2Fwp%2Fv2%2Fcomments&post=32073"}],"version-history":[{"count":22,"href":"https:\/\/www.educacao.niteroi.rj.gov.br\/index.php?rest_route=\/wp\/v2\/pages\/32073\/revisions"}],"predecessor-version":[{"id":45480,"href":"https:\/\/www.educacao.niteroi.rj.gov.br\/index.php?rest_route=\/wp\/v2\/pages\/32073\/revisions\/45480"}],"up":[{"embeddable":true,"href":"https:\/\/www.educacao.niteroi.rj.gov.br\/index.php?rest_route=\/wp\/v2\/pages\/32055"}],"wp:attachment":[{"href":"https:\/\/www.educacao.niteroi.rj.gov.br\/index.php?rest_route=%2Fwp%2Fv2%2Fmedia&parent=32073"}],"curies":[{"name":"wp","href":"https:\/\/api.w.org\/{rel}","templated":true}]}}